683.
3, 17, 134033
What are the prime factors of 21574446?
2, 3, 41, 87701
What are the prime factors of 592976?
2, 37061
List the prime factors of 83169.
3, 9241
List the prime factors of 445831.
397, 1123
What are the prime factors of 7593794?
2, 13, 292069
List the prime factors of 410036.
2, 11, 9319
List the prime factors of 144816.
2, 3, 7, 431
What are the prime factors of 120090?
2, 3, 5, 4003
List the prime factors of 3409685.
5, 43, 15859
List the prime factors of 433019.
173, 2503
What are the prime factors of 7495030?
2, 5, 223, 3361
What are the prime factors of 1377370?
2, 5, 137737
What are the prime factors of 12288391?
12288391
List the prime factors of 841213.
841213
What are the prime factors of 196648?
2, 47, 523
List the prime factors of 169553.
169553
List the prime factors of 19587968.
2, 199, 769
What are the prime factors of 1092389?
1092389
What are the prime factors of 985430?
2, 5, 98543
What are the prime factors of 26973585?
3, 5, 599413
List the prime factors of 387279.
3, 37, 1163
What are the prime factors of 2417313?
3, 19, 42409
List the prime factors of 2642135.
5, 43, 12289
What are the prime factors of 207720?
2, 3, 5, 577
What are the prime factors of 3062945?
5, 612589
List the prime factors of 4251651.
3, 1417217
What are the prime factors of 356413?
41, 8693
What are the prime factors of 464907?
3, 31, 4999
What are the prime factors of 17941460?
2, 5, 17, 52769
List the prime factors of 1967569.
73, 26953
List the prime factors of 13582062.
2, 3, 13, 58043
What are the prime factors of 11959307?
2339, 5113
List the prime factors of 191143.
191143
List the prime factors of 14273892.
2, 3, 23, 17239
List the prime factors of 201943.
7, 17, 1697
What are the prime factors of 2423217?
3, 191, 4229
List the prime factors of 206443.
43, 4801
List the prime factors of 1535457.
3, 7, 11, 17, 23
What are the prime factors of 17714225?
5, 708569
List the prime factors of 126322.
2, 7, 1289
List the prime factors of 179584.
2, 23, 61
What are the prime factors of 320694?
2, 3, 11, 43, 113
What are the prime factors of 117564?
2, 3, 97, 101
List the prime factors of 540496.
2, 11, 37, 83
List the prime factors of 10594494.
2, 3, 131, 4493
What are the prime factors of 1508252?
2, 127, 2969
List the prime factors of 1151251.
1151251
What are the prime factors of 6454380?
2, 3, 5, 97, 1109
List the prime factors of 148937.
17, 8761
List the prime factors of 32068911.
3, 7, 31, 49261
What are the prime factors of 123762?
2, 3, 20627
What are the prime factors of 10904957?
7, 29, 53719
List the prime factors of 295432.
2, 36929
List the prime factors of 97649.
97649
List the prime factors of 7176201.
3, 2392067
List the prime factors of 1566373.
107, 14639
What are the prime factors of 238276?
2, 71, 839
List the prime factors of 35327.
35327
List the prime factors of 5085917.
47, 108211
List the prime factors of 67971.
3, 139, 163
What are the prime factors of 5927700?
2, 3, 5, 19759
List the prime factors of 2286285.
3, 5, 152419
List the prime factors of 79045.
5, 15809
What are the prime factors of 25114839?
3, 8371613
What are the prime factors of 771954?
2, 3, 128659
List the prime factors of 1236789.
3, 15269
List the prime factors of 29826605.
5, 5965321
What are the prime factors of 863764?
2, 11, 67, 293
List the prime factors of 131523.
3, 7, 6263
List the prime factors of 102213.
3, 41, 277
What are the prime factors of 2392964?
2, 7, 29, 421
List the prime factors of 7567346.
2, 17, 131, 1699
What are the prime factors of 1602557?
11, 145687
What are the prime factors of 115029?
3, 12781
What are the prime factors of 520011?
3, 19, 3041
What are the prime factors of 2397617?
2397617
List the prime factors of 3602184.
2, 3, 150091
What are the prime factors of 4337972?
2, 1084493
What are the prime factors of 807897?
3, 197, 1367
List the prime factors of 18240002.
2, 11, 239, 3469
List the prime factors of 1205330.
2, 5, 7, 67, 257
List the prime factors of 5239934.
2, 7, 19, 19699
List the prime factors of 1411730.
2, 5, 79, 1787
List the prime factors of 469729.
13, 23, 1571
List the prime factors of 57827.
7, 11, 751
What are the prime factors of 10034477?
709, 14153
List the prime factors of 2504447.
11, 19, 23, 521
What are the prime factors of 154372?
2, 38593
What are the prime factors of 1055983?
71, 107, 139
List the prime factors of 4064305.
5, 7, 53, 313
What are the prime factors of 215374?
2, 107687
List the prime factors of 2334274.
2, 509, 2293
What are the prime factors of 2035688?
2, 254461
What are the prime factors of 1005424?
2, 7, 47, 191
List the prime factors of 49146.
2, 3, 8191
What are the prime factors of 492480?
2, 3, 5, 19
What are the prime factors of 16410605?
5, 3282121
List the prime factors of 106599.
3, 35533
What are the prime factors of 11718410?
2, 5, 11, 106531
What are the prime factors of 793909?
37, 43, 499
List the prime factors of 27818004.
2, 3, 53, 191, 229
List the prime factors of 34921946.
2, 17460973
List the prime factors of 3844247.
11, 349477
List the prime factors of 2340232.
2, 43, 6803
List the prime factors of 24989955.
3, 5, 1665997
List the prime factors of 135348.
2, 3, 11279
List the prime factors of 303513.
3, 7, 97, 149
List the prime factors of 3872421.
3, 7, 2927
List the prime factors of 1558681.
1558681
What are the prime factors of 7429430?
2, 5, 742943
List the prime factors of 1234003.
1234003
List the prime factors of 13189318.
2, 6594659
What are the prime factors of 139928?
2, 17491
List the prime factors of 1338116.
2, 13, 25733
What are the prime factors of 430118?
2, 13, 71, 233
What are the prime factors of 2668091?
2668091
List the prime factors of 470976.
2, 3, 11, 223
What are the prime factors of 887446?
2, 7, 63389
List the prime factors of 62888.
2, 7, 1123
What are the prime factors of 661774?
2, 330887
What are the prime factors of 12724028?
2, 47, 53, 1277
What are the prime factors of 344646?
2, 3, 41, 467
List the prime factors of 61743.
3, 11, 1871
What are the prime factors of 49677?
3, 29, 571
What are the prime factors of 10997569?
11, 97, 937
List the prime factors of 405686.
2, 193, 1051
What are the prime factors of 4016370?
2, 3, 5, 83, 1613
List the prime factors of 392386.
2, 196193
List the prime factors of 777308.
2, 7, 17, 23, 71
List the prime factors of 219886.
2, 109943
What are the prime factors of 457398?
2, 3, 25411
List the prime factors of 627056.
2, 39191
What are the prime factors of 649422?
2, 3, 109, 331
List the prime factors of 2822897.
7, 11, 61, 601
What are the prime factors of 7900257?
3, 17, 19, 31, 263
List the prime factors of 16329738.
2, 3, 509, 5347
What are the prime factors of 18799941?
3, 131, 47837
List the prime factors of 219627.
3, 23, 1061
List the prime factors of 4138019.
43, 96233
What are the prime factors of 157195?
5, 149, 211
List the prime factors of 3151261.
83, 37967
List the prime factors of 3566020.
2, 5, 178301
List the prime factors of 70006.
2, 17, 29, 71
List the prime factors of 12676174.
2, 7, 23, 39367
List the prime factors of 983961.
3, 11, 3313
List the prime factors of 352887.
3, 19, 41, 151
What are the prime factors of 4364378?
2, 73, 167, 179
List the prime factors of 9021160.
2, 5, 225529
List the prime factors of 2220429.
3, 740143
What are the prime factors of 12893725?
5, 13, 97, 409
List the prime factors of 217512.
2, 3, 19, 53
What are the prime factors of 1133849?
17, 66697
What are the prime factors of 1385442?
2, 3, 19, 4051
List the prime factors of 9400347.
3, 11, 31, 1021
List the prime factors of 3232995.
3, 5, 23, 9371
What are the prime factors of 4928604?
2, 3, 410717
List the prime factors of 75122.
2, 37561
List the prime factors of 10772144.
2, 53, 12703
List the prime factors of 134043.
3, 7, 13, 491
What are the prime factors of 15482897?
29, 533893
What are the prime factors of 1115984?
2, 19, 3671
List the prime factors of 208389.
3, 69463
List the prime factors of 6687119.
59, 113341
List the prime factors of 949680.
2, 3, 5, 1319
List the prime factors of 91051.
83, 1097
What are the prime factors of 1437162?
2, 3, 239527
What are the prime factors of 108072?
2, 3, 19, 79
List the prime factors of 3405034.
2, 751, 226